of (-3 - -35) + (-1 - w)?
2
Suppose 16 = x - 2*y, 13 = 4*x - 4*y - 39. Let u = -4 - x. What is the units digit of (-4)/(-20) - u/5?
3
Suppose 3*j = -2*j + 10. Suppose 4*h + 18 - 2 = -j*s, 0 = 3*h + 4*s + 7. Let a = 18 + h. What is the tens digit of a?
1
Let w = -5 + 44. What is the tens digit of w?
3
Suppose -s - 3 + 2 = 0. Let d(b) = -24*b**3 + b**2 + b. What is the units digit of d(s)?
4
What is the tens digit of 0 + -1 - (-136)/(1 - -1)?
6
Let m = 40 - 19. What is the tens digit of m?
2
Suppose 0 = -4*x + f + 31, 2*f - 4*f + 28 = 2*x. Suppose 3*p + 31 - x = 2*s, 0 = -s + p + 10. What is the units digit of s?
8
Let z(n) = n**3 + 6*n**2 - 4*n - 3. What is the tens digit of z(-5)?
4
Let i(p) be the first derivative of p**4/4 + 5*p**3/3 - 2*p**2 + 5*p + 2. Let s be i(-6). Let r = s - -11. What is the units digit of r?
4
Suppose 0 + 4 = 4*o. Let g(x) = 24*x**2 + x. What is the tens digit of g(o)?
2
Let y = -18 + 29. What is the tens digit of y?
1
What is the units digit of ((2691/(-12))/13)/((-6)/16)?
6
Suppose 0 = 7*j - 150 + 38. What is the units digit of j?
6
Let o(f) = f**2 - 6*f + 7. Suppose 0 = i - 4*l + 3 - 4, 0 = -2*l + 2. Let s be o(i). Suppose 0*x = -s*x + 4. What is the units digit of x?
2
Suppose -5*c + 5*q + 71 = -4*c, -3*c - 3*q = -195. Suppose 0 = -2*o - 0*o + c. Suppose -w = 2*w - o. What is the units digit of w?
1
Let v(h) be the third derivative of -3*h**4/8 + h**3/6 + h**2. What is the units digit of v(-2)?
9
Suppose 1559 = 5*l + 4*z, -l - 2*z + 313 = -0*z. What is the units digit of l?
1
Let b(k) = -k + 2. Let o be b(0). Let y(s) = -10*s + s**2 + o - 5 + 4. What is the units digit of y(10)?
1
Let t(r) = -r + 6 + 3*r - 6*r - r**3 + 7*r**2. What is the tens digit of t(6)?
1
Let o = 100 - -89. What is the tens digit of o?
8
What is the tens digit of (-5)/((-15)/(-12))*-22?
8
Suppose -6*k - 368 = -950. What is the tens digit of k?
9
Let r(i) be the third derivative of i**6/120 - 11*i**5/60 + 5*i**4/12 + 2*i**3 + 3*i**2. Let d be r(10). Let c = d - -3. What is the tens digit of c?
1
Let k(c) = -5*c**2 - 2*c - 1. Let o be k(-1). Let u(m) = m**3 - 4*m**2 - 3*m + 4. Let a be u(4). Let b = o - a. What is the units digit of b?
4
Suppose 5 + 10 = 5*y. Suppose 3*x - 3*d - 21 = 0, -y*x - d + 23 - 2 = 0. What is the units digit of x?
7
Let t = -12 + 20. Let m = -7 + t. What is the units digit of m?
1
Let o be 5*-1 + 12/4. Let j(g) = -2*g**3 - g**2 + 2*g. What is the units digit of j(o)?
8
Let j(f) be the first derivative of f**3/3 + f**2/2 - 4*f - 2. Let d be j(-3). Suppose -7 = -d*m + 13. What is the tens digit of m?
1
Suppose 902 + 670 = 12*p. What is the hundreds digit of p?
1
Suppose 249 = -5*x + 629. Suppose x = -3*f + 7*f. What is the tens digit of f?
1
Let c(q) = 8*q**2. What is the units digit of c(-1)?
8
Let x = 35 - 71. Let a = -20 - x. Let n = a + -11. What is the units digit of n?
5
Let y be (2/(-2) - 2)/(-1). Suppose -q + 76 = y*n, 0 = -2*n + 3*n - q - 20. What is the units digit of n?
4
Let b(y) be the first derivative of -y**4/2 + 5*y**3/3 - y**2/2 - 2*y + 2. Let a be b(3). What is the units digit of 1/(-2) + a/(-4)?
3
Let h(x) = 55*x**2 + x + 1. What is the units digit of h(1)?
7
Let c be 2 + -1 - 8/(-4). Suppose 2*o - 5*s + 2 = 0, -2 + 0 = -c*o + 5*s. Let r = o + -3. What is the units digit of r?
1
Let x(l) be the second derivative of l**4/3 + 2*l**3/3 + 3*l. Let y be x(-3). Suppose -3*b + z = -11, -5*b = -4*z - 6 - y. What is the units digit of b?
2
Let k(b) = -b**2 + 9*b + 3. Let m = 28 - 19. What is the units digit of k(m)?
3
Suppose 2*w + 2*l = 5*w - 26, 0 = 4*w - 2*l - 32. What is the units digit of w?
6
Let o(q) = -q - 6. Let u be o(0). Let x = 0 - u. What is the units digit of x?
6
Suppose 0 = -4*x + 3*x + 75. What is the units digit of x?
5
Suppose 4*h = -5*g + 10, 2*g + h = -0 + 1. Let p be 2*g*17/(-4). Suppose -p = -3*v + 10. What is the units digit of v?
9
What is the units digit of 9/(-6)*(-6)/9?
1
Let x be (2/4)/((-4)/(-40)). Suppose -3*c - 75 = -x*c + 5*o, 0 = o - 1. Suppose -n = 2*n + 4*d - 46, -5*d + c = 2*n. What is the tens digit of n?
1
Let n(t) = 3*t**2 - 2*t. Let k be n(2). Let j = -4 + k. Let r = -2 + j. What is the units digit of r?
2
What is the units digit of (-2 - 48)*40/(-16)?
5
What is the tens digit of (3/2)/((-6)/(-604)) - -2?
5
What is the tens digit of (2/(-4))/((-1)/94)?
4
Suppose -a - 2*q = 4*a - 504, -q + 202 = 2*a. What is the tens digit of a?
0
Let j(r) = 10*r**2 + 24*r + 4. What is the units digit of j(-6)?
0
Let j(i) = i**3 - 5*i**2 + i - 3. Let k be j(5). Suppose 2*v + k = 0, 0 = -3*n + 3*v + 9 + 15. What is the units digit of n?
7
Suppose 3*n = n + 50. What is the tens digit of n?
2
What is the tens digit of (77/22)/(1/20)?
7
Suppose -v + 37 - 7 = 0. Let o = v - 15. What is the units digit of o?
5
Let j be 19/7 + 2/7. Let k = 11 + j. What is the units digit of k?
4
Suppose -7*o + 6*o + 60 = 0. Let d = o - 40. What is the tens digit of d?
2
Let i(u) = u**3 - 3*u**2 + u + 3. Let b be i(3). Let l(w) = -w**3 + 6*w**2 + 2*w - 3. What is the units digit of l(b)?
9
Let d(y) = y - 5*y**2 - 2*y + 2*y. Let k be d(-1). What is the units digit of (4/k)/((-3)/27)?
6
What is the tens digit of (3 + 0)*(-16)/(-3)?
1
Suppose -4*s = -6*s. Suppose n = -3*p + 60, -4*n + s*p + 185 = p. What is the tens digit of n?
4
Let v(j) = j**3 - 6*j**2 + 4*j - 7. Let z be v(6). Suppose 4*u - z = -1. What is the units digit of u?
4
Let y(q) = q**2 - 6*q - 7. Let g be y(7). Let b = -5 + g. What is the units digit of -1 + (-2 - 2*b)?
7
Suppose -r - 4*k - 14 + 6 = 0, -4*k - 32 = -r. Let i be 1*4*(-15)/r. Let a(w) = -w**3 - 4*w**2 + 2*w + 6. What is the units digit of a(i)?
1
Let x be 142/7 + (-8)/28. Let f be 25/4 + (-5)/x. Suppose -f*y + 5 = -y. What is the units digit of y?
1
Let m = 65 + 8. What is the tens digit of m?
7
Let j = -13 + 13. Suppose j*w = 5*w - 45. What is the units digit of w?
9
Let d be 0 - (-4)/(8/(-14)). Let w(p) = p**3 + 8*p**2 + 6*p - 5. Let h be w(d). Suppose h*j = z - 0 - 1, -4*j = -12. What is the units digit of z?
7
Suppose -3*w - 219 = -3*y, -3*y - w = -134 - 69. What is the tens digit of y?
6
Suppose 6*c - 143 - 7 = 0. What is the tens digit of c?
2
Suppose 11*c - 160 = 9*c. Let d(t) = t**3 - 2*t**2 - 4*t + 3. Let v be d(3). Suppose 0 = -5*i + 5*q + c, 4*i + q + 4*q - 37 = v. What is the tens digit of i?
1
Let t(w) = -w**3 - 2*w + 61. What is the units digit of t(0)?
1
Let n(u) = -2*u - 4. Let r be (0 - -2) + 6/2. Suppose 4 = -3*k + r*m - 5, 3*k - m = -9. What is the units digit of n(k)?
2
Let p(g) = -13*g**3 - g**2 - g - 1. Let b be p(-1). Let r be 4*(-2 - (-39)/b). Let n = -3 + r. What is the units digit of n?
2
Suppose -7*k = -2*k - 10. Suppose s + 12 = -k*s - 5*j, j = -3. What is the units digit of s?
1
Let q(z) = z**2 + 14*z - 4. What is the units digit of q(-16)?
8
Let r(y) = y**3 - y + 36. Let b be r(0). Let d = 18 - b. What is the units digit of (6/4)/((-3)/d)?
9
Let k = 146 + -55. What is the units digit of k?
1
Suppose 2*g = -4*u + 122, 2*u - 2*g + 5*g - 71 = 0. What is the units digit of u?
8
Suppose 1620 + 96 = 13*c. What is the units digit of c?
2
Suppose 5*m - 271 + 11 = 3*i, -215 = -4*m + i. What is the tens digit of m?
5
What is the units digit of -31*-2*(-1)/(-2)?
1
Let q be ((-24)/(-18))/((-4)/(-78)). Let l = q + -13. What is the tens digit of l?
1
Let v(b) be the third derivative of -b**5/60 + b**4/8 - b**3/6 + b**2. Let l = 3 - 1. What is the units digit of v(l)?
1
Suppose 6 = 5*q - 9. Suppose q + 18 = 3*d. What is the units digit of d?
7
Let s(n) = -n**2 - n - 1. Let j be s(4). What is the tens digit of (-1002)/j + 2/7?
4
Suppose 20 + 31 = 3*f. What is the units digit of 2*-1*f/(-2)?
7
Let d(h) = 1 + 5*h - 4*h - 3. Suppose 0 = -w + 3*t + 14, 3*w + 2*t - 6 = -t. What is the units digit of d(w)?
3
Let d be -9*2/(-3) - 3. Suppose d*j - 20 = -b - j, -4*b + 4*j = 0. Suppose -12 = -4*q - b*a, -5*q + 0*a + 5*a = -35. What is the units digit of q?
5
Let a be (16/20)/((-2)/(-10)). Suppose x + 3*h - 2*h = 15, a*x - 2*h - 30 = 0. What is the units digit of x?
0
Let h be 4 - -1 - (-1 + 2). Let v = 1 - 3. What is the tens digit of (v/h)/((-2)/48)?
1
Suppose 119 = 3*w - 4*m, -3*m + 25 = w - 19. What is the units digit of w?
1
Let u(d) = -d**3 - 3*d**2 - 2*d - 5. Let m(g) = g**2 